e the greatest common factor of 15 and 4715355.
15
What is the greatest common divisor of 129130 and 333?
37
Calculate the greatest common divisor of 161805 and 5865.
345
Calculate the highest common divisor of 14966829 and 1431.
1431
Calculate the highest common factor of 204 and 194514.
102
What is the highest common factor of 35470 and 530?
10
Calculate the greatest common divisor of 60 and 94404.
12
Calculate the greatest common factor of 724 and 405983.
181
Calculate the greatest common divisor of 419 and 1813013.
419
Calculate the highest common factor of 69 and 15571.
23
Calculate the highest common factor of 1224 and 451452.
204
Calculate the greatest common factor of 13640 and 8657.
11
Calculate the greatest common factor of 102 and 2312.
34
What is the highest common factor of 5472 and 1197?
171
Calculate the greatest common divisor of 15176 and 165852.
1084
Calculate the greatest common factor of 2499982 and 76.
38
What is the greatest common factor of 2667 and 2?
1
What is the greatest common factor of 154 and 3220602?
154
What is the greatest common factor of 20144 and 236?
4
What is the highest common factor of 20 and 21628?
4
What is the highest common factor of 4945 and 12599?
43
Calculate the greatest common divisor of 54 and 1851174.
54
What is the greatest common factor of 254854 and 158?
158
Calculate the highest common divisor of 923 and 5183.
71
What is the highest common factor of 210849 and 804?
201
What is the greatest common divisor of 3536 and 38480?
208
Calculate the greatest common divisor of 265 and 130751.
53
What is the highest common factor of 739630 and 666?
74
Calculate the greatest common divisor of 464 and 994352.
464
Calculate the highest common divisor of 11 and 77671.
11
What is the greatest common factor of 68184 and 306?
18
What is the greatest common divisor of 3357 and 306?
9
Calculate the highest common divisor of 438 and 537426.
438
What is the greatest common factor of 14981 and 213?
71
Calculate the greatest common divisor of 210340 and 2132.
52
What is the highest common factor of 55068 and 364?
52
Calculate the highest common divisor of 185 and 3959.
37
What is the greatest common divisor of 3616 and 2825?
113
Calculate the highest common factor of 32292 and 7383.
69
Calculate the highest common factor of 342 and 228323.
19
Calculate the highest common divisor of 250 and 39250.
250
Calculate the greatest common factor of 1982148 and 49.
49
What is the greatest common factor of 11540 and 4320?
20
What is the greatest common factor of 59131 and 29?
29
What is the greatest common divisor of 40 and 5090?
10
Calculate the greatest common factor of 8540 and 4340.
140
Calculate the greatest common factor of 2096 and 63535.
131
What is the greatest common divisor of 3531 and 52074?
33
Calculate the highest common factor of 1266395 and 65.
65
What is the highest common factor of 814 and 60566?
22
Calculate the highest common divisor of 1140 and 45372.
228
Calculate the greatest common divisor of 1406 and 611758.
74
Calculate the greatest common factor of 186944 and 69.
23
Calculate the greatest common divisor of 10 and 320830.
10
Calculate the greatest common divisor of 8680 and 728.
56
What is the greatest common divisor of 29976 and 24?
24
Calculate the greatest common divisor of 14410 and 7040.
110
What is the greatest common divisor of 14832 and 1008?
144
What is the greatest common divisor of 15744 and 1476?
492
Calculate the highest common factor of 232 and 33959.
29
What is the highest common divisor of 1340 and 4220330?
670
What is the greatest common factor of 320 and 4000?
160
What is the highest common factor of 585466 and 532?
266
Calculate the highest common factor of 2059 and 6461.
71
What is the greatest common divisor of 3526377 and 471?
471
What is the highest common factor of 935 and 81070?
55
What is the highest common factor of 2277 and 211347?
207
What is the greatest common divisor of 953897 and 29?
29
Calculate the greatest common divisor of 35 and 1535366.
7
What is the greatest common factor of 1154555 and 470?
235
What is the highest common divisor of 304 and 24776?
152
What is the highest common divisor of 5850 and 185850?
450
Calculate the highest common divisor of 14266 and 98.
14
What is the highest common factor of 25284 and 1419?
129
Calculate the greatest common factor of 1245 and 75.
15
Calculate the highest common factor of 2784 and 21408.
96
Calculate the highest common divisor of 5400 and 957150.
1350
Calculate the highest common divisor of 12 and 3466.
2
What is the greatest common factor of 595 and 205870?
595
Calculate the highest common factor of 468 and 7758.
18
What is the greatest common divisor of 871 and 126697?
67
Calculate the greatest common divisor of 526110 and 342.
114
What is the greatest common factor of 112314 and 6?
6
What is the greatest common factor of 62 and 6318?
2
Calculate the highest common factor of 26480 and 27040.
80
Calculate the greatest common factor of 1421 and 43181.
29
What is the highest common factor of 1 and 3302?
1
Calculate the greatest common divisor of 10257 and 3666.
39
What is the highest common factor of 3098 and 3?
1
What is the highest common factor of 9045 and 216?
27
Calculate the highest common factor of 6738766 and 1598.
1598
What is the greatest common factor of 17223884 and 652?
652
Calculate the greatest common factor of 10402 and 1498.
14
What is the highest common factor of 12 and 156234?
6
Calculate the greatest common factor of 864141 and 71.
71
What is the highest common factor of 1098 and 2718?
18
What is the highest common factor of 1254345 and 357?
51
Calculate the greatest common divisor of 16608 and 22776.
24
Calculate the greatest common divisor of 344 and 146716.
172
What is the greatest common factor of 110389 and 2773?
59
Calculate the greatest common factor of 23 and 4960387.
23
Calculate the greatest common factor of 306 and 29478.
102
What is the highest common factor of 5103 and 8253?
63
Calculate the highest common divisor of 59836 and 28.
28
Calculate the greatest common divisor of 7800 and 27690.
390
What is the greatest common factor of 60831 and 39803?
751
What is the greatest common divisor of 767590 and 5?
5
What is the greatest common factor of 42742 and 43?
43
What is the highest common factor of 1091543 and 82?
41
Calculate the greatest common divisor of 123 and 409918.
41
What is the greatest common factor of 1318284 and 72?
36
What is the highest common divisor of 556171 and 231?
77
What is the greatest common factor of 518551 and 2596?
649
Calculate the highest common factor of 17346 and 588.
294
What is the highest common divisor of 2277 and 152007?
69
What is the greatest common factor of 1449 and 630?
63
What is the highest common factor of 15 and 430809?
3
Calculate the greatest common divisor of 42960 and 432.
48
Calculate the greatest common divisor of 8 and 127496.
8
Calculate the greatest common factor of 70477 and 129.
43
Calculate the greatest common divisor of 72572 and 4.
4
Calculate the greatest common divisor of 28392 and 1248.
312
Calculate the highest common factor of 6 and 21342.
6
What is the highest common divisor of 564 and 12549?
141
What is the greatest common divisor of 30 and 1260680?
10
Calculate the highest common divisor of 18135 and 46593.
279
Calculate the greatest common factor of 207 and 30132.
9
Calculate the highest common factor of 49561 and 1363.
29
What is the highest common factor of 19 and 7898547?
19
Calculate the highest common divisor of 3333 and 99099.
33
Calculate the greatest common factor of 170434 and 254.
254
What is the greatest common factor of 100 and 844?
4
What is the greatest common factor of 207 and 5152023?
207
Calculate the highest common factor of 105 and 25158.
21
What is the highest common divisor of 124456 and 993?
331
Calculate the greatest common factor of 63811 and 2453.
11
Calculate the highest common factor of 9379 and 83.
83
Calculate the highest common divisor of 44 and 51931.
11
What is the greatest common factor of 12819 and 9?
3
Calculate the greatest common divisor of 755961 and 603.
201
What is the highest common divisor of 2996 and 155043?
749
Calculate the highest common factor of 265 and 110452.
53
What 